{"id":13,"date":"2023-12-30T19:54:42","date_gmt":"2023-12-30T19:54:42","guid":{"rendered":"https:\/\/zbigniewwielgosz.pl\/?page_id=13"},"modified":"2023-12-30T20:38:31","modified_gmt":"2023-12-30T20:38:31","slug":"o-mnie","status":"publish","type":"page","link":"https:\/\/zbigniewwielgosz.pl\/","title":{"rendered":"O Mnie"},"content":{"rendered":"\n<figure class=\"wp-block-image alignfull size-large\"><img loading=\"lazy\" decoding=\"async\" width=\"1024\" height=\"345\" src=\"https:\/\/zbigniewwielgosz.pl\/wp-content\/uploads\/2023\/12\/o_mnie-1024x345.jpg\" alt=\"\" class=\"wp-image-33\" srcset=\"https:\/\/zbigniewwielgosz.pl\/wp-content\/uploads\/2023\/12\/o_mnie-1024x345.jpg 1024w, https:\/\/zbigniewwielgosz.pl\/wp-content\/uploads\/2023\/12\/o_mnie-300x101.jpg 300w, https:\/\/zbigniewwielgosz.pl\/wp-content\/uploads\/2023\/12\/o_mnie-768x259.jpg 768w, https:\/\/zbigniewwielgosz.pl\/wp-content\/uploads\/2023\/12\/o_mnie-1536x517.jpg 1536w, https:\/\/zbigniewwielgosz.pl\/wp-content\/uploads\/2023\/12\/o_mnie-2048x689.jpg 2048w\" sizes=\"(max-width: 1024px) 100vw, 1024px\" \/><\/figure>\n\n\n\n<p class=\"has-medium-font-size\"><strong>Cze\u015b\u0107!<\/strong><\/p>\n\n\n\n<p>Kiedy w roku 2002 wzi\u0105\u0142em do r\u0119ki pierwszy cyfrowy aparat fotograficzny od razu wiedzia\u0142em \u017ce b\u0119dzie to moja najwi\u0119ksza pasja. Po kilku latach hobby zamieni\u0142o si\u0119 w prac\u0119, cho\u0107 powinienem raczej powiedzie\u0107 \u017ce realizuj\u0119 swoje hobby na p\u0142aszczy\u017anie zawodowej. Najlepsza praca na \u015bwiecie:)<br>Obecnie najch\u0119tniej realizuj\u0119 reporta\u017ce (\u015bluby, wesela, komunie, chrzciny\u2026), oraz wykonuj\u0119 sesje rodzinne, biznesowe i portretowe.<br>W fotografii nie boj\u0119 si\u0119 wyzwa\u0144, ci\u0105gle poszukuj\u0119 nowych dr\u00f3g, pomys\u0142\u00f3w, rozwi\u0105za\u0144, inspiracji, \u017ceby materia\u0142 z reporta\u017cu wzbudza\u0142 pozytywne emocje r\u00f3wnie\u017c po wielu latach, a w portrecie \u017ceby ka\u017cdy dostrzeg\u0142 najlepsz\u0105 wersj\u0119 siebie.<\/p>\n\n\n\n<p>Zainteresowany? Zapraszam wi\u0119c do galerii w kt\u00f3rej prezentuj\u0119 wycinek swoich prac, a jeszcze bardziej zach\u0119cam do kontaktu telefonicznego i spotkania w moim studiu w Gliwicach, gdzie zaprezentuj\u0119 szerzej swoje prace, ofert\u0119, oraz doradz\u0119 w wielu kwestiach zwi\u0105zanych z Twoimi fotograficznymi oczekiwaniami.<\/p>\n\n\n\n<p>Pozdrawiam i zapraszam<\/p>\n","protected":false},"excerpt":{"rendered":"<p>Cze\u015b\u0107! Kiedy w roku 2002 wzi\u0105\u0142em do r\u0119ki pierwszy cyfrowy aparat fotograficzny od razu wiedzia\u0142em \u017ce b\u0119dzie to moja najwi\u0119ksza pasja. Po kilku latach hobby zamieni\u0142o si\u0119 w prac\u0119, cho\u0107 powinienem raczej powiedzie\u0107 \u017ce realizuj\u0119 swoje hobby na p\u0142aszczy\u017anie zawodowej. Najlepsza praca na \u015bwiecie:)Obecnie najch\u0119tniej realizuj\u0119 reporta\u017ce (\u015bluby, wesela, komunie, chrzciny\u2026), oraz wykonuj\u0119 sesje rodzinne, [&hellip;]<\/p>\n","protected":false},"author":3,"featured_media":0,"parent":0,"menu_order":0,"comment_status":"closed","ping_status":"closed","template":"","meta":{"footnotes":""},"blocksy_meta":[],"featured_image_urls":{"full":"","thumbnail":"","medium":"","medium_large":"","large":"","1536x1536":"","2048x2048":"","woocommerce_archive_thumbnail":"","woocommerce_thumbnail":"","woocommerce_single":"","woocommerce_gallery_thumbnail":""},"post_excerpt_stackable":"<p>Cze\u015b\u0107! Kiedy w roku 2002 wzi\u0105\u0142em do r\u0119ki pierwszy cyfrowy aparat fotograficzny od razu wiedzia\u0142em \u017ce b\u0119dzie to moja najwi\u0119ksza pasja. Po kilku latach hobby zamieni\u0142o si\u0119 w prac\u0119, cho\u0107 powinienem raczej powiedzie\u0107 \u017ce realizuj\u0119 swoje hobby na p\u0142aszczy\u017anie zawodowej. Najlepsza praca na \u015bwiecie:)Obecnie najch\u0119tniej realizuj\u0119 reporta\u017ce (\u015bluby, wesela, komunie, chrzciny\u2026), oraz wykonuj\u0119 sesje rodzinne, biznesowe i portretowe.W fotografii nie boj\u0119 si\u0119 wyzwa\u0144, ci\u0105gle poszukuj\u0119 nowych dr\u00f3g, pomys\u0142\u00f3w, rozwi\u0105za\u0144, inspiracji, \u017ceby materia\u0142 z reporta\u017cu wzbudza\u0142 pozytywne emocje r\u00f3wnie\u017c po wielu latach, a w portrecie \u017ceby ka\u017cdy dostrzeg\u0142 najlepsz\u0105 wersj\u0119 siebie. Zainteresowany? Zapraszam wi\u0119c do galerii w kt\u00f3rej prezentuj\u0119 wycinek swoich&hellip;<\/p>\n","category_list":"","author_info":{"name":"Patryk","url":"https:\/\/zbigniewwielgosz.pl\/?author=3"},"comments_num":"0 comments","_links":{"self":[{"href":"https:\/\/zbigniewwielgosz.pl\/index.php?rest_route=\/wp\/v2\/pages\/13"}],"collection":[{"href":"https:\/\/zbigniewwielgosz.pl\/index.php?rest_route=\/wp\/v2\/pages"}],"about":[{"href":"https:\/\/zbigniewwielgosz.pl\/index.php?rest_route=\/wp\/v2\/types\/page"}],"author":[{"embeddable":true,"href":"https:\/\/zbigniewwielgosz.pl\/index.php?rest_route=\/wp\/v2\/users\/3"}],"replies":[{"embeddable":true,"href":"https:\/\/zbigniewwielgosz.pl\/index.php?rest_route=%2Fwp%2Fv2%2Fcomments&post=13"}],"version-history":[{"count":6,"href":"https:\/\/zbigniewwielgosz.pl\/index.php?rest_route=\/wp\/v2\/pages\/13\/revisions"}],"predecessor-version":[{"id":37,"href":"https:\/\/zbigniewwielgosz.pl\/index.php?rest_route=\/wp\/v2\/pages\/13\/revisions\/37"}],"wp:attachment":[{"href":"https:\/\/zbigniewwielgosz.pl\/index.php?rest_route=%2Fwp%2Fv2%2Fmedia&parent=13"}],"curies":[{"name":"wp","href":"https:\/\/api.w.org\/{rel}","templated":true}]}}